{"id":214,"date":"2021-09-01T19:25:49","date_gmt":"2021-09-01T19:25:49","guid":{"rendered":"https:\/\/www.mm.bme.hu\/amsz\/?page_id=214"},"modified":"2021-11-04T11:26:35","modified_gmt":"2021-11-04T11:26:35","slug":"feszultsegrud","status":"publish","type":"page","link":"https:\/\/www.mm.bme.hu\/amsz\/index.php\/feszultsegrud\/","title":{"rendered":"Fesz\u00fclts\u00e9gr\u00fad"},"content":{"rendered":"\n<p>A projekt c\u00e9lja egy oktat\u00e1si szeml\u00e9ltet\u0151 eszk\u00f6z k\u00e9sz\u00edt\u00e9se, ami egy olyan \u00f6nanliz\u00e1l\u00f3 r\u00fad \u00e9p\u00edt\u00e9s\u00e9t \u00e9s tervez\u00e9s\u00e9t jelenti, ami ny\u00fal\u00e1sm\u00e9r\u0151 b\u00e9lyegekkel \u00e9s egy Matlabban\/Fortranban meg\u00edrt programk\u00f3dal k\u00e9pes kisz\u00e1molni a fesz\u00fclts\u00e9gi \u00e1llapotot, mik\u00f6zben megbecsli az er\u0151bevezet\u00e9s hely\u00e9t \u00e9s m\u00e9rt\u00e9k\u00e9t. Ennek a projektnek j\u00f6v\u0151beli kiterjeszt\u00e9sein is dolgozunk, miszerint tov\u00e1bbi \u00f6nanaliz\u00e1l\u00f3 szerkezeteket is tervez\u00fcnk megval\u00f3s\u00edtani.<\/p>\n","protected":false},"excerpt":{"rendered":"<p>A projekt c\u00e9lja egy oktat\u00e1si szeml\u00e9ltet\u0151 eszk\u00f6z k\u00e9sz\u00edt\u00e9se, ami egy olyan \u00f6nanliz\u00e1l\u00f3 r\u00fad \u00e9p\u00edt\u00e9s\u00e9t \u00e9s tervez\u00e9s\u00e9t jelenti, ami ny\u00fal\u00e1sm\u00e9r\u0151 b\u00e9lyegekkel \u00e9s egy Matlabban\/Fortranban meg\u00edrt programk\u00f3dal k\u00e9pes kisz\u00e1molni a fesz\u00fclts\u00e9gi \u00e1llapotot, mik\u00f6zben megbecsli az er\u0151bevezet\u00e9s hely\u00e9t \u00e9s m\u00e9rt\u00e9k\u00e9t. Ennek a projektnek j\u00f6v\u0151beli kiterjeszt\u00e9sein is dolgozunk, miszerint tov\u00e1bbi \u00f6nanaliz\u00e1l\u00f3 szerkezeteket is tervez\u00fcnk megval\u00f3s\u00edtani.<\/p>\n","protected":false},"author":1,"featured_media":0,"parent":0,"menu_order":0,"comment_status":"closed","ping_status":"closed","template":"","meta":[],"_links":{"self":[{"href":"https:\/\/www.mm.bme.hu\/amsz\/index.php\/wp-json\/wp\/v2\/pages\/214"}],"collection":[{"href":"https:\/\/www.mm.bme.hu\/amsz\/index.php\/wp-json\/wp\/v2\/pages"}],"about":[{"href":"https:\/\/www.mm.bme.hu\/amsz\/index.php\/wp-json\/wp\/v2\/types\/page"}],"author":[{"embeddable":true,"href":"https:\/\/www.mm.bme.hu\/amsz\/index.php\/wp-json\/wp\/v2\/users\/1"}],"replies":[{"embeddable":true,"href":"https:\/\/www.mm.bme.hu\/amsz\/index.php\/wp-json\/wp\/v2\/comments?post=214"}],"version-history":[{"count":2,"href":"https:\/\/www.mm.bme.hu\/amsz\/index.php\/wp-json\/wp\/v2\/pages\/214\/revisions"}],"predecessor-version":[{"id":269,"href":"https:\/\/www.mm.bme.hu\/amsz\/index.php\/wp-json\/wp\/v2\/pages\/214\/revisions\/269"}],"wp:attachment":[{"href":"https:\/\/www.mm.bme.hu\/amsz\/index.php\/wp-json\/wp\/v2\/media?parent=214"}],"curies":[{"name":"wp","href":"https:\/\/api.w.org\/{rel}","templated":true}]}}