{"id":122,"date":"2021-09-01T11:50:15","date_gmt":"2021-09-01T11:50:15","guid":{"rendered":"https:\/\/www.mm.bme.hu\/amsz\/?page_id=122"},"modified":"2023-02-28T19:06:07","modified_gmt":"2023-02-28T19:06:07","slug":"tagfelvetel","status":"publish","type":"page","link":"https:\/\/www.mm.bme.hu\/amsz\/index.php\/tagfelvetel\/","title":{"rendered":"Tagfelv\u00e9tel"},"content":{"rendered":"\n<div class=\"wp-container-1 wp-block-buttons alignwide\">\n<div class=\"wp-block-button has-custom-width wp-block-button__width-75 has-custom-font-size is-style-outline\" style=\"font-size:35px\"><a class=\"wp-block-button__link has-secondary-color has-pale-ocean-gradient-background has-text-color has-background\" href=\"https:\/\/gszk.bme.hu\/felveteli\" style=\"border-radius:100px\">Jelentkezem!<\/a><\/div>\n<\/div>\n\n\n\n<figure class=\"wp-block-image alignwide size-large\"><img loading=\"lazy\" width=\"1024\" height=\"256\" src=\"https:\/\/www.mm.bme.hu\/amsz\/wp-content\/uploads\/2022\/09\/GSZKLogo_horizontal_2e414d-1024x256.png\" alt=\"\" class=\"wp-image-483\" srcset=\"https:\/\/www.mm.bme.hu\/amsz\/wp-content\/uploads\/2022\/09\/GSZKLogo_horizontal_2e414d-1024x256.png 1024w, https:\/\/www.mm.bme.hu\/amsz\/wp-content\/uploads\/2022\/09\/GSZKLogo_horizontal_2e414d-300x75.png 300w, https:\/\/www.mm.bme.hu\/amsz\/wp-content\/uploads\/2022\/09\/GSZKLogo_horizontal_2e414d-768x192.png 768w, https:\/\/www.mm.bme.hu\/amsz\/wp-content\/uploads\/2022\/09\/GSZKLogo_horizontal_2e414d-1536x384.png 1536w, https:\/\/www.mm.bme.hu\/amsz\/wp-content\/uploads\/2022\/09\/GSZKLogo_horizontal_2e414d-2048x511.png 2048w, https:\/\/www.mm.bme.hu\/amsz\/wp-content\/uploads\/2022\/09\/GSZKLogo_horizontal_2e414d-1568x392.png 1568w\" sizes=\"(max-width: 1024px) 100vw, 1024px\" \/><\/figure>\n\n\n\n<h3><strong>Febru\u00e1r 27-t\u0151l indul a tagfelv\u00e9tel\u00fcnk a GSZK-val k\u00f6z\u00f6sen, rem\u00e9lj\u00fck veled is tal\u00e1lkozunk majd!<\/strong><\/h3>\n\n\n\n<p><strong>Gyakorlati tud\u00e1s m\u00e1r egyetemi \u00e9vek alatt? Az AMSZ-n\u00e9l IGEN!<\/strong><\/p>\n\n\n\n<p>N\u00e1lunk izgalmas \u00e9s val\u00f3di projekteken kereszt\u00fcl ismerheted meg a szakm\u00e1hoz tartoz\u00f3 k\u00fcl\u00f6nb\u00f6z\u0151 feladatokat, k\u00fcls\u0151 c\u00e9gekkel egy\u00fctt dolgozva \u00e9rt\u00e9kes tapasztalattal gazdagodhatsz. Ha pedig a k\u00e9s\u0151bbi munkav\u00e1llal\u00e1sn\u00e1l tartunk.. a n\u00e1lunk v\u00e9gzett munk\u00e1t mind szerepeltetheted az \u00f6n\u00e9letrajzodban tapasztalatk\u00e9nt, \u00e9s az \u00e1ll\u00e1sinterj\u00fan is j\u00f3 t\u00e9mak\u00e9nt szolg\u00e1lhatnak!<\/p>\n\n\n\n<p>Az idei \u00e9vt\u0151l kutat\u00f3int\u00e9zetk\u00e9nt seg\u00edtj\u00fck a tagjaink szakmai fejl\u0151d\u00e9s\u00e9t.<\/p>\n\n\n\n<figure class=\"wp-block-image alignwide\"><img loading=\"lazy\" width=\"2560\" height=\"967\" src=\"https:\/\/www.mm.bme.hu\/amsz\/wp-content\/uploads\/2022\/09\/sejtelmes-amszRajztabla-1-3-scaled.jpg\" alt=\"\" class=\"wp-image-466\" srcset=\"https:\/\/www.mm.bme.hu\/amsz\/wp-content\/uploads\/2022\/09\/sejtelmes-amszRajztabla-1-3-scaled.jpg 2560w, https:\/\/www.mm.bme.hu\/amsz\/wp-content\/uploads\/2022\/09\/sejtelmes-amszRajztabla-1-3-300x113.jpg 300w, https:\/\/www.mm.bme.hu\/amsz\/wp-content\/uploads\/2022\/09\/sejtelmes-amszRajztabla-1-3-1024x387.jpg 1024w, https:\/\/www.mm.bme.hu\/amsz\/wp-content\/uploads\/2022\/09\/sejtelmes-amszRajztabla-1-3-768x290.jpg 768w, https:\/\/www.mm.bme.hu\/amsz\/wp-content\/uploads\/2022\/09\/sejtelmes-amszRajztabla-1-3-1536x580.jpg 1536w, https:\/\/www.mm.bme.hu\/amsz\/wp-content\/uploads\/2022\/09\/sejtelmes-amszRajztabla-1-3-2048x774.jpg 2048w, https:\/\/www.mm.bme.hu\/amsz\/wp-content\/uploads\/2022\/09\/sejtelmes-amszRajztabla-1-3-1568x592.jpg 1568w\" sizes=\"(max-width: 2560px) 100vw, 2560px\" \/><\/figure>\n","protected":false},"excerpt":{"rendered":"<p>Febru\u00e1r 27-t\u0151l indul a tagfelv\u00e9tel\u00fcnk a GSZK-val k\u00f6z\u00f6sen, rem\u00e9lj\u00fck veled is tal\u00e1lkozunk majd! Gyakorlati tud\u00e1s m\u00e1r egyetemi \u00e9vek alatt? Az AMSZ-n\u00e9l IGEN! N\u00e1lunk izgalmas \u00e9s val\u00f3di projekteken kereszt\u00fcl ismerheted meg a szakm\u00e1hoz tartoz\u00f3 k\u00fcl\u00f6nb\u00f6z\u0151 feladatokat, k\u00fcls\u0151 c\u00e9gekkel egy\u00fctt dolgozva \u00e9rt\u00e9kes tapasztalattal gazdagodhatsz. Ha pedig a k\u00e9s\u0151bbi munkav\u00e1llal\u00e1sn\u00e1l tartunk.. a n\u00e1lunk v\u00e9gzett munk\u00e1t mind szerepeltetheted az &hellip; <\/p>\n<p class=\"link-more\"><a href=\"https:\/\/www.mm.bme.hu\/amsz\/index.php\/tagfelvetel\/\" class=\"more-link\">Continue reading<span class=\"screen-reader-text\"> &#8220;Tagfelv\u00e9tel&#8221;<\/span><\/a><\/p>\n","protected":false},"author":1,"featured_media":0,"parent":0,"menu_order":0,"comment_status":"closed","ping_status":"closed","template":"","meta":[],"_links":{"self":[{"href":"https:\/\/www.mm.bme.hu\/amsz\/index.php\/wp-json\/wp\/v2\/pages\/122"}],"collection":[{"href":"https:\/\/www.mm.bme.hu\/amsz\/index.php\/wp-json\/wp\/v2\/pages"}],"about":[{"href":"https:\/\/www.mm.bme.hu\/amsz\/index.php\/wp-json\/wp\/v2\/types\/page"}],"author":[{"embeddable":true,"href":"https:\/\/www.mm.bme.hu\/amsz\/index.php\/wp-json\/wp\/v2\/users\/1"}],"replies":[{"embeddable":true,"href":"https:\/\/www.mm.bme.hu\/amsz\/index.php\/wp-json\/wp\/v2\/comments?post=122"}],"version-history":[{"count":20,"href":"https:\/\/www.mm.bme.hu\/amsz\/index.php\/wp-json\/wp\/v2\/pages\/122\/revisions"}],"predecessor-version":[{"id":503,"href":"https:\/\/www.mm.bme.hu\/amsz\/index.php\/wp-json\/wp\/v2\/pages\/122\/revisions\/503"}],"wp:attachment":[{"href":"https:\/\/www.mm.bme.hu\/amsz\/index.php\/wp-json\/wp\/v2\/media?parent=122"}],"curies":[{"name":"wp","href":"https:\/\/api.w.org\/{rel}","templated":true}]}}